or of 6909 and 357?
21
Calculate the highest common factor of 1986 and 54.
6
What is the highest common divisor of 22 and 175681?
11
Calculate the greatest common factor of 58612 and 4.
4
What is the greatest common factor of 100710 and 2430?
270
What is the greatest common divisor of 103479 and 187?
17
Calculate the greatest common factor of 31832 and 46.
46
What is the highest common divisor of 70 and 5030?
10
What is the greatest common factor of 5032 and 18056?
296
What is the highest common divisor of 4650 and 1623315?
465
Calculate the highest common divisor of 1467 and 618585.
489
Calculate the greatest common factor of 9932 and 541676.
764
Calculate the highest common factor of 738 and 227646.
18
Calculate the greatest common factor of 139119 and 8058.
237
What is the greatest common factor of 3450 and 5136360?
690
What is the greatest common factor of 112 and 149520?
112
Calculate the greatest common factor of 9427 and 6856.
857
Calculate the greatest common factor of 19041 and 33.
33
Calculate the highest common divisor of 248080 and 2884.
28
What is the highest common factor of 245080 and 1300?
20
What is the greatest common divisor of 18 and 48294?
18
Calculate the greatest common divisor of 153 and 6137.
17
What is the highest common divisor of 15 and 111765?
15
Calculate the greatest common divisor of 7630 and 160.
10
Calculate the greatest common divisor of 142753 and 278.
139
What is the greatest common divisor of 8296 and 10319?
17
Calculate the highest common divisor of 11061 and 18.
9
Calculate the highest common factor of 915510 and 30.
30
Calculate the greatest common divisor of 328 and 65682.
82
Calculate the greatest common factor of 6641062 and 214.
214
Calculate the greatest common factor of 1230260 and 20.
20
What is the greatest common divisor of 2165 and 11258?
433
What is the highest common divisor of 5334060 and 95?
95
Calculate the highest common divisor of 495443 and 39.
13
What is the highest common divisor of 43554 and 3?
3
Calculate the greatest common factor of 481298 and 46.
46
What is the greatest common divisor of 60 and 26780?
20
What is the highest common factor of 97 and 30361?
97
Calculate the highest common divisor of 72818 and 46.
46
What is the highest common divisor of 1 and 6473?
1
Calculate the greatest common divisor of 53724 and 132.
132
Calculate the greatest common divisor of 15030 and 20.
10
Calculate the greatest common factor of 85888 and 512.
128
What is the greatest common divisor of 195037 and 779?
41
Calculate the greatest common divisor of 839034 and 126.
126
Calculate the highest common factor of 1882 and 198551.
941
Calculate the highest common factor of 5344 and 1328.
16
Calculate the highest common divisor of 55 and 3806.
11
What is the greatest common divisor of 3164 and 6804?
28
Calculate the highest common factor of 41 and 155677.
41
What is the highest common divisor of 2041 and 18526?
157
What is the highest common divisor of 10638 and 3672?
54
What is the greatest common divisor of 102993 and 33?
33
Calculate the greatest common factor of 1593 and 13487931.
1593
Calculate the highest common divisor of 33 and 52558.
11
What is the highest common factor of 2441671 and 57?
19
What is the greatest common factor of 13 and 725140?
13
Calculate the highest common factor of 48 and 4296.
24
What is the highest common divisor of 1971 and 1606?
73
Calculate the greatest common factor of 136 and 12568.
8
What is the highest common divisor of 7039 and 11?
1
What is the highest common factor of 40 and 748856?
8
What is the highest common factor of 974 and 2437922?
974
What is the highest common divisor of 10620 and 18?
18
Calculate the greatest common divisor of 169191 and 198.
99
Calculate the highest common divisor of 190440 and 360.
360
Calculate the greatest common divisor of 84346 and 3258.
362
What is the greatest common divisor of 623825 and 25?
25
Calculate the greatest common divisor of 224 and 621568.
32
What is the highest common divisor of 80 and 50704?
16
What is the highest common divisor of 264 and 284796?
12
What is the highest common divisor of 2803 and 1?
1
What is the highest common divisor of 208044 and 198?
18
Calculate the highest common factor of 2144 and 15812.
268
What is the greatest common divisor of 2074 and 595?
17
Calculate the highest common divisor of 464 and 184.
8
What is the greatest common factor of 1843 and 873?
97
What is the greatest common factor of 90 and 923535?
45
Calculate the greatest common divisor of 477 and 132129.
477
Calculate the highest common factor of 18416 and 32.
16
Calculate the highest common divisor of 1991 and 68574.
11
What is the highest common factor of 403720 and 240?
40
Calculate the greatest common factor of 501 and 161489.
167
Calculate the greatest common divisor of 1014 and 558.
6
Calculate the greatest common factor of 3658 and 5146.
62
What is the highest common factor of 651 and 2031771?
651
What is the greatest common factor of 3 and 18203?
1
What is the highest common factor of 24 and 5416?
8
What is the greatest common divisor of 244535 and 15?
5
Calculate the greatest common factor of 2514 and 2244.
6
What is the highest common divisor of 41 and 2945563?
41
What is the highest common factor of 21033 and 15580?
779
Calculate the greatest common divisor of 1545 and 43878.
309
What is the highest common factor of 486 and 54189?
243
Calculate the highest common divisor of 87737 and 884.
221
What is the greatest common factor of 12504 and 72?
24
Calculate the greatest common divisor of 456 and 3097.
19
What is the highest common divisor of 35689 and 19248?
401
Calculate the highest common divisor of 26078 and 7514.
442
Calculate the greatest common factor of 1789285 and 575.
115
Calculate the greatest common factor of 1150169 and 29.
29
What is the highest common divisor of 120 and 624?
24
Calculate the highest common factor of 420 and 1245.
15
Calculate the highest common divisor of 385 and 160215.
55
What is the highest common divisor of 171 and 74157?
57
What is the highest common divisor of 187456 and 1276?
116
What is the greatest common factor of 211 and 1301?
1
What is the highest common factor of 91521 and 1899?
9
Calculate the greatest common factor of 4163 and 207.
23
Calculate the highest common factor of 1035 and 3510.
45
What is the greatest common factor of 54544 and 4032?
112
What is the greatest common factor of 513594 and 54?
54
Calculate the highest common divisor of 944 and 228920.
472
What is the greatest common factor of 3014 and 177689?
137
What is the greatest common factor of 767620 and 70?
70
What is the greatest common factor of 1365 and 2610?
15
What is the greatest common factor of 301064 and 16?
8
What is the highest common factor of 305762 and 1058?
1058
Calculate the greatest common factor of 932 and 2626609.
233
Calculate the greatest common factor of 11378 and 8.
2
What is the greatest common factor of 6975 and 180?
45
What is the highest common divisor of 28 and 397446?
14
Calculate the highest common factor of 3935 and 605.
5
What is the highest common factor of 6 and 403014?
6
Calculate the highest common divisor of 3514 and 852898.
502
Calculate the highest common divisor of 218261 and 101.
101
Calculate the greatest common factor of 149624 and 7552.
472
Calculate the highest common factor of 1071276 and 12.
12
What is the highest common divisor of 37947 and 2457?
273
What is the greatest common divisor of 539 and 29282?
11
Calculate the highest common divisor of 184828 and 2484.
92
What is the highest common divisor of 17051 and 578?
289
What is the highest common factor of 131150 and 366?
122
What is the greatest common factor of 28042 and 9436?
14
Calculate the greatest common factor of 18 and 29934.
18
Calculate the highest common factor of 1388 and 484.
4
What is the highest common factor of 100 and 325625?
25
What is the greatest common factor of 2144 and 6048?
32
What is the greatest common factor of 57785 and 113030?
635
What is the highest common factor of 17111 and 130622?
241
What is the highest common divisor of 1504 and 123751?
47
What is the highest common divisor of 222870 and 285?
285
Calculate the highest common factor of 242 and 22682.
22
Calculate the highes